{"id":1116,"date":"2026-04-08T22:13:40","date_gmt":"2026-04-08T20:13:40","guid":{"rendered":"https:\/\/www.reflexhaut.fr\/studio\/produit\/seance-essentielle-studio-reflexhaut\/"},"modified":"2026-04-08T23:43:31","modified_gmt":"2026-04-08T21:43:31","slug":"seance-photo-essentielle","status":"publish","type":"product","link":"https:\/\/www.reflexhaut.fr\/studio\/catalogue\/seance-photo-essentielle\/","title":{"rendered":"S\u00e9ance Photo Essentielle"},"content":{"rendered":"<h3>S\u00e9ance Essentielle<\/h3>\n<p>Une formule courte et cibl\u00e9e pour les clientes qui recherchent une r\u00e9ponse simple, rapide et efficace.<\/p>\n<p>Est inclus :<br \/>\n\u2022 \u00c9change tr\u00e8s court par message ou email<br \/>\n\u2022 S\u00e9ance de 15 \u00e0 20 minutes maximum<br \/>\n\u2022 1 tenue<br \/>\n\u2022 1 ambiance \/ 1 d\u00e9cor<br \/>\n\u2022 Guidage simple<br \/>\n\u2022 1 image HD incluse<\/p>\n<p>Cette formule permet l\u2019achat d\u2019images compl\u00e9mentaires, dans une limite de 3 images maximum au total.<\/p>\n<p>Important :<br \/>\nLa S\u00e9ance Photo Essentielle est une offre d\u2019appoint. Pour vivre une v\u00e9ritable exp\u00e9rience photo plus compl\u00e8te, plus confortable et plus accompagn\u00e9e, l\u2019Exp\u00e9rience D\u00e9couverte constitue la v\u00e9ritable porte d\u2019entr\u00e9e dans l\u2019univers REFLEXHAUT.<\/p>\n","protected":false},"excerpt":{"rendered":"<p>Une s\u00e9ance courte et cibl\u00e9e, pens\u00e9e pour r\u00e9pondre \u00e0 un besoin pr\u00e9cis avec 1 \u00e0 3 images maximum.<\/p>\n","protected":false},"featured_media":0,"template":"","meta":[],"product_brand":[],"product_cat":[99,98],"product_tag":[44,101,100,60,24,26],"class_list":{"0":"post-1116","1":"product","2":"type-product","3":"status-publish","5":"product_cat-cartes-cadeaux","6":"product_cat-portrait","7":"product_tag-carte-cadeau","8":"product_tag-essentiel","9":"product_tag-experience-photo","10":"product_tag-portrait","11":"product_tag-seance-photo","12":"product_tag-studio","14":"first","15":"instock","16":"sold-individually","17":"taxable","18":"shipping-taxable","19":"purchasable","20":"product-type-variable","21":"has-default-attributes"},"_links":{"self":[{"href":"https:\/\/www.reflexhaut.fr\/studio\/wp-json\/wp\/v2\/product\/1116","targetHints":{"allow":["GET"]}}],"collection":[{"href":"https:\/\/www.reflexhaut.fr\/studio\/wp-json\/wp\/v2\/product"}],"about":[{"href":"https:\/\/www.reflexhaut.fr\/studio\/wp-json\/wp\/v2\/types\/product"}],"wp:attachment":[{"href":"https:\/\/www.reflexhaut.fr\/studio\/wp-json\/wp\/v2\/media?parent=1116"}],"wp:term":[{"taxonomy":"product_brand","embeddable":true,"href":"https:\/\/www.reflexhaut.fr\/studio\/wp-json\/wp\/v2\/product_brand?post=1116"},{"taxonomy":"product_cat","embeddable":true,"href":"https:\/\/www.reflexhaut.fr\/studio\/wp-json\/wp\/v2\/product_cat?post=1116"},{"taxonomy":"product_tag","embeddable":true,"href":"https:\/\/www.reflexhaut.fr\/studio\/wp-json\/wp\/v2\/product_tag?post=1116"}],"curies":[{"name":"wp","href":"https:\/\/api.w.org\/{rel}","templated":true}]}}