{"id":1157,"date":"2026-04-09T18:05:36","date_gmt":"2026-04-09T16:05:36","guid":{"rendered":"https:\/\/www.reflexhaut.fr\/studio\/?post_type=product&#038;p=1157"},"modified":"2026-04-17T16:30:05","modified_gmt":"2026-04-17T14:30:05","slug":"stage-photo-individuel-1h30","status":"publish","type":"product","link":"https:\/\/www.reflexhaut.fr\/studio\/catalogue\/stage-photo-individuel-1h30\/","title":{"rendered":"Stage Photo Individuel 1h30"},"content":{"rendered":"<h3>D\u00e9couvrez et ma\u00eetrisez les bases de votre appareil photo et de la photographie num\u00e9rique<\/h3>\n<p>\u00c0 travers un stage photo sur mesure, au gr\u00e9 de vos envies. Stage r\u00e9alis\u00e9 au studio REFLEXHAUT de Villiers-en-Plaine (10min. de Niort 79)<\/p>\n<p>Le stage individuel sera th\u00e9orique et\/ou pratique afin de ma\u00eetriser la prise de vue avec diff\u00e9rents objectifs : Initiation ou perfectionnement \u00e0 la photographie num\u00e9rique, la ma\u00eetrise de son appareil photo reflex\/hybride, les diff\u00e9rents modes (manuel \/ semi-automatique)&#8230;<\/p>\n<p>Le contenu est d\u00e9fini avec le client stagiaire : initiation g\u00e9n\u00e9rale, macro, portrait, lumi\u00e8re, studio, voyage, culinaire, &#8230;<\/p>\n<ul>\n<li>Dur\u00e9e : 1h30<\/li>\n<li>Participant : Stage individuel pour 1 personne<\/li>\n<li>Lieu : Au studio de Villiers-en-Plaine ou Parc du ch\u00e2teau (79160 Villiers en Plaine &#8211; 10min. de Niort 79)<\/li>\n<li>Stage r\u00e9alis\u00e9 et expliqu\u00e9 \u00e0 partir de votre mat\u00e9riel photo (+ acc\u00e8s au mat\u00e9riel photo du studio photo si besoin)<\/li>\n<li>Pas de pr\u00e9requis technique particulier pour participer au stage<\/li>\n<li>Programmation du stage en semaine ou samedi matin (suivant disponibilit\u00e9)<\/li>\n<li>Mat\u00e9riel photo pr\u00e9conis\u00e9 pour le stagiaire : REFLEX, Hybride, Bridge, Compact d\u00e9brayable ou Smartphone \u00ab\u00a0Haut de Gamme\u00a0\u00bb<\/li>\n<li>OPTION :<br \/>\n&#8211; \u00ab\u00a0Pour moi\u00a0\u00bb : Le stage photo est pour vous, vous recevez directement les instructions par email pour la programmation.<br \/>\n&#8211; \u00ab\u00a0Pour offrir\u00a0\u00bb : Vous recevez par email un \u00ab\u00a0Bon Cadeau\u00a0\u00bb au format JPG ou PDF. \u00ab\u00a0Bon Cadeau\u00a0\u00bb pr\u00eat \u00e0 imprimer au format A4 ou \u00e0 transmettre \u00e0 la personne \u00e0 qui vous souhaitez offrir le Stage Photo.<\/li>\n<li>Suite \u00e0 votre commande en ligne, le stage ou le \u00ab\u00a0bon cadeau\u00a0\u00bb sont valables 6 mois \u00e0 partir de la date d&rsquo;achat.<br \/>\nLe d\u00e9lai de programmation peut \u00eatre renouvel\u00e9 une fois pour atteindre 1 an de d\u00e9lai de programmation.<br \/>\n<em>D\u00e9lai indicatif de programmation habituel 2 \u00e0 6 semaines.<br \/>\nToutes les commandes en ligne sont prioritaires lors des r\u00e9servations, et programmations.<br \/>\nDes cr\u00e9neaux sp\u00e9cifiques suppl\u00e9mentaires sont r\u00e9serv\u00e9s aux commandes en ligne, et bons cadeaux.<\/em><\/li>\n<\/ul>\n<p>Enfin un stage individuel et personnalis\u00e9, accessible et convivial pour ma\u00eetriser la complexit\u00e9 des nouveaux bo\u00eetiers num\u00e9riques et la prise de vue \u00e0 votre guise !<\/p>\n<p>Si vous souhaitez obtenir plus d&rsquo;informations n&rsquo;h\u00e9sitez pas \u00e0 contacter le studio au : 05.49.35.72.77, par email ou demander un rappel par SMS au 06.80.98.87.63<\/p>\n","protected":false},"excerpt":{"rendered":"<p>Stage Photo Individuel de 1 heure 30<\/p>\n","protected":false},"featured_media":1160,"template":"","meta":[],"product_brand":[],"product_cat":[43],"product_tag":[],"class_list":{"0":"post-1157","1":"product","2":"type-product","3":"status-publish","4":"has-post-thumbnail","6":"product_cat-stage-photo","8":"first","9":"instock","10":"taxable","11":"shipping-taxable","12":"purchasable","13":"product-type-variable","14":"has-default-attributes"},"_links":{"self":[{"href":"https:\/\/www.reflexhaut.fr\/studio\/wp-json\/wp\/v2\/product\/1157","targetHints":{"allow":["GET"]}}],"collection":[{"href":"https:\/\/www.reflexhaut.fr\/studio\/wp-json\/wp\/v2\/product"}],"about":[{"href":"https:\/\/www.reflexhaut.fr\/studio\/wp-json\/wp\/v2\/types\/product"}],"wp:featuredmedia":[{"embeddable":true,"href":"https:\/\/www.reflexhaut.fr\/studio\/wp-json\/wp\/v2\/media\/1160"}],"wp:attachment":[{"href":"https:\/\/www.reflexhaut.fr\/studio\/wp-json\/wp\/v2\/media?parent=1157"}],"wp:term":[{"taxonomy":"product_brand","embeddable":true,"href":"https:\/\/www.reflexhaut.fr\/studio\/wp-json\/wp\/v2\/product_brand?post=1157"},{"taxonomy":"product_cat","embeddable":true,"href":"https:\/\/www.reflexhaut.fr\/studio\/wp-json\/wp\/v2\/product_cat?post=1157"},{"taxonomy":"product_tag","embeddable":true,"href":"https:\/\/www.reflexhaut.fr\/studio\/wp-json\/wp\/v2\/product_tag?post=1157"}],"curies":[{"name":"wp","href":"https:\/\/api.w.org\/{rel}","templated":true}]}}

<h3>Découvrez et maîtrisez les bases de votre appareil photo et de la photographie numérique</h3>
<p>À travers un stage photo sur mesure, au gré de vos envies. Stage réalisé au studio REFLEXHAUT de Villiers-en-Plaine (10min. de Niort 79)</p>
<p>Le stage individuel sera théorique et/ou pratique afin de maîtriser la prise de vue avec différents objectifs : Initiation ou perfectionnement à la photographie numérique, la maîtrise de son appareil photo reflex/hybride, les différents modes (manuel / semi-automatique)&#8230;</p>
<p>Le contenu est défini avec le client stagiaire : initiation générale, macro, portrait, lumière, studio, voyage, culinaire, &#8230;</p>
<ul>
<li>Durée : 1h30</li>
<li>Participant : Stage individuel pour 1 personne</li>
<li>Lieu : Au studio de Villiers-en-Plaine ou Parc du château (79160 Villiers en Plaine &#8211; 10min. de Niort 79)</li>
<li>Stage réalisé et expliqué à partir de votre matériel photo (+ accès au matériel photo du studio photo si besoin)</li>
<li>Pas de prérequis technique particulier pour participer au stage</li>
<li>Programmation du stage en semaine ou samedi matin (suivant disponibilité)</li>
<li>Matériel photo préconisé pour le stagiaire : REFLEX, Hybride, Bridge, Compact débrayable ou Smartphone « Haut de Gamme »</li>
<li>OPTION :<br />
&#8211; « Pour moi » : Le stage photo est pour vous, vous recevez directement les instructions par email pour la programmation.<br />
&#8211; « Pour offrir » : Vous recevez par email un « Bon Cadeau » au format JPG ou PDF. « Bon Cadeau » prêt à imprimer au format A4 ou à transmettre à la personne à qui vous souhaitez offrir le Stage Photo.</li>
<li>Suite à votre commande en ligne, le stage ou le « bon cadeau » sont valables 6 mois à partir de la date d&rsquo;achat.<br />
Le délai de programmation peut être renouvelé une fois pour atteindre 1 an de délai de programmation.<br />
<em>Délai indicatif de programmation habituel 2 à 6 semaines.<br />
Toutes les commandes en ligne sont prioritaires lors des réservations, et programmations.<br />
Des créneaux spécifiques supplémentaires sont réservés aux commandes en ligne, et bons cadeaux.</em></li>
</ul>
<p>Enfin un stage individuel et personnalisé, accessible et convivial pour maîtriser la complexité des nouveaux boîtiers numériques et la prise de vue à votre guise !</p>
<p>Si vous souhaitez obtenir plus d&rsquo;informations n&rsquo;hésitez pas à contacter le studio au : 05.49.35.72.77, par email ou demander un rappel par SMS au 06.80.98.87.63</p>
